55109 prime?
False
Is 11749649 composite?
True
Is 19381487 a prime number?
False
Is 119280023 composite?
True
Is 13185827 composite?
False
Is 3649133 a prime number?
True
Is 15621131 composite?
False
Is 5600809 prime?
True
Is 887641 a composite number?
False
Is 3438367 prime?
True
Is 11406391 composite?
False
Is 90484423 a prime number?
False
Is 1404239 a composite number?
True
Is 1372718 prime?
False
Is 14816401 a prime number?
False
Is 66160567 composite?
True
Is 112774351 a composite number?
False
Is 612217 a composite number?
False
Is 9024801 prime?
False
Is 319178 a prime number?
False
Is 4927387 a composite number?
False
Is 763843 a prime number?
True
Is 446699047 a composite number?
True
Is 75719321 a prime number?
True
Is 160530049 composite?
False
Is 19768114 a composite number?
True
Is 548522615 a prime number?
False
Is 1496747 prime?
False
Is 18197321 a composite number?
False
Is 41126585 a prime number?
False
Is 13829623 prime?
True
Is 62080829 prime?
True
Is 14974903 composite?
False
Is 255451 composite?
True
Is 552060781 a composite number?
True
Is 2223773 a composite number?
False
Is 8818031 a prime number?
False
Is 807397 a composite number?
True
Is 2015983 prime?
False
Is 4536859 prime?
True
Is 4819357 a prime number?
True
Is 18962903 prime?
True
Is 208415099 prime?
False
Is 209774739 prime?
False
Is 50827453 composite?
False
Is 8818707 a prime number?
False
Is 1289231 a prime number?
True
Is 914129 a prime number?
False
Is 468962273 composite?
True
Is 4025363 composite?
True
Is 16574771 composite?
False
Is 3015821 a prime number?
False
Is 65163269 a prime number?
True
Is 4880231 a composite number?
False
Is 382880617 a prime number?
False
Is 7497739 prime?
True
Is 35967383 a prime number?
True
Is 79845743 prime?
True
Is 119539 a composite number?
True
Is 6505253 a composite number?
True
Is 73617617 composite?
True
Is 179815 prime?
False
Is 653879 prime?
True
Is 127794791 composite?
False
Is 1018643 prime?
True
Is 2073523 a composite number?
True
Is 275780251 a prime number?
True
Is 1044385 prime?
False
Is 578451317 composite?
True
Is 5791913 composite?
False
Is 10176791 a prime number?
True
Is 27325517 a composite number?
False
Is 5399881 prime?
True
Is 10938463 composite?
True
Is 115687901 prime?
False
Is 132172063 a composite number?
False
Is 6413273 composite?
False
Is 33156499 a composite number?
False
Is 35652283 a composite number?
False
Is 349151 composite?
True
Is 107103257 a prime number?
True
Is 30701357 a composite number?
False
Is 85223387 a prime number?
True
Is 3230477 composite?
False
Is 238585129 prime?
False
Is 165024979 a composite number?
True
Is 6397113 a prime number?
False
Is 42663937 composite?
False
Is 245251 composite?
False
Is 169975073 a composite number?
False
Is 10494397 a composite number?
False
Is 760878007 a prime number?
False
Is 10404103 composite?
False
Is 138151529 composite?
False
Is 443102689 prime?
True
Is 100663889 a prime number?
True
Is 152233303 composite?
True
Is 16345139 a composite number?
False
Is 111575663 a prime number?
True
Is 8442123 a prime number?
False
Is 391673237 a composite number?
False
Is 1372183 prime?
True
Is 2368487 a prime number?
False
Is 751569407 a prime number?
True
Is 29494501 composite?
False
Is 1254181039 a composite number?
False
Is 2454745 a composite number?
True
Is 21360841 composite?
False
Is 85018891 prime?
True
Is 25668803 composite?
False
Is 320159 a composite number?
True
Is 2128153 a composite number?
False
Is 5558291 composite?
True
Is 3760229 a prime number?
False
Is 9593447 composite?
False
Is 97375189 prime?
False
Is 18035993 prime?
True
Is 26774519 a prime number?
False
Is 459372959 a composite number?
False
Is 26900327 prime?
False
Is 27926603 a prime number?
False
Is 554138387 a composite number?
True
Is 12274219 composite?
False
Is 401245899 a prime number?
False
Is 134111 a composite number?
True
Is 37773443 a prime number?
True
Is 1263583 composite?
False
Is 63529514 composite?
True
Is 58199357 a composite number?
False
Is 1186333 prime?
False
Is 27525247 prime?
True
Is 237657454 a composite number?
True
Is 124392131 composite?
False
Is 463739 prime?
False
Is 4152049 a composite number?
True
Is 2579081 composite?
False
Is 3942721 composite?
False
Is 1089514 a prime number?
False
Is 90626639 a prime number?
True
Is 110385461 composite?
False
Is 584767 prime?
True
Is 13907162 a prime number?
False
Is 66123283 a prime number?
False
Is 5664611 prime?
True
Is 101316353 a composite number?
False
Is 1097279 prime?
False
Is 5548121 a composite number?
True
Is 39612661 a composite number?
True
Is 154403471 a composite number?
False
Is 2311381 composite?
False
Is 35370253 prime?
False
Is 2391673 composite?
True
Is 15231397 composite?
False
Is 1450739 a composite number?
False
Is 919871 a prime number?
True
Is 10022417 a composite number?
True
Is 7110317 prime?
True
Is 12354613 prime?
True
Is 3776029 a prime number?
True
Is 6598721 a composite number?
False
Is 14848151 a composite number?
False
Is 13731449 composite?
True
Is 256623131 a composite number?
False
Is 7072781 a composite number?
True
Is 3003673 prime?
True
Is 198760109 a prime number?
True
Is 5474818 a prime number?
False
Is 645767 a prime number?
False
Is 423121 a prime number?
True
Is 139649789 prime?
False
Is 68267413 composite?
False
Is 9941871 prime?
False
Is 15361439 a prime number?
True
Is 215274854 prime?
False
Is 15074893 prime?
True
Is 1536571 composite?
True
Is 9807199 prime?
False
Is 49152043 a composite number?
False
Is 55889 a prime number?
True
Is 45691 a prime number?
True
Is 6175999 prime?
False
Is 76421 a composite number?
False
Is 6935359 a composite number?
True
Is 4211743 composite?
False
Is 6538649 a composite number?
True
Is 254851829 a composite number?
False
Is 10245943 composite?
False
Is 374155 prime?
False
Is 72064099 prime?
False
Is 792667 prime?
True
Is 7492249 prime?
True
Is 17704451 prime?
True
Is 38373763 prime?
True
Is 127048829 composite?
False
Is 28591851 a composite number?
True
Is 569463395 prime?
False
Is 11891771 a composite number?
False
Is 3354929 a composite number?
False
Is 1987577 prime?
True
Is 41345659 a prime number?
True
Is 19139437 a composite number?
False
Is 1874501 a composite number?
True
Is 1239641477 prime?
True
Is 163109 prime?
True
Is 466158757 a prime number?
True
Is 22751191 a composite number?
False
Is 1885649 a composite number?
False
Is 1133347 a prime number?
False
Is 266016941 a prime number?
True
Is 44207641 a prime number?
True
Is 472523 a composite number?
False
Is 4799941 a composite number?
False
Is 80141 composite?
False
Is 4192837 composite?
True
Is 12475223 a composite number?
True
Is 14598421 composite?
True
Is 4456297 a composite number?
False
Is 1139198 composite?
True
Is 11630051 a prime number?
True
Is 26255597 a prime number?
True
Is 517036391 a composite number?
False
Is 2012693 a composite number?
False
Is 4185343 a composite number?
False
Is 90297841 prime?
True
Is 9710627 a prime number?
True
Is 11939309 a prime number?
False
Is 34543463 a composite number?
True
Is 60551245 a composite number?
True
Is 4019579 prime?
True
Is 11316521 a composite number?
False
Is 26620679 a prime number?
True
Is 22057267 prime?
True
Is 13731881 prime?
True
Is 4561951 a composite number?
True
Is 323888167 a prime number?
True
Is 66770447 composite?
False
Is 755535529 a prime number?
False
Is 128559517 a prime number?
True
Is 20730869 a composite number?
False
Is 1871743 prime?
True
Is 13776067 composite?
False
Is 3425833 a composite number?
True
Is 40189297 prime?
True
Is 14333747 composite?
True
Is 6770789 composite?
False
Is 105442633 a composite number?
True
Is 27991751 a composite number?
True
Is 8645381 a prime number?
True
Is 62087147 prime?
False
Is 976385 prime?
False
Is 149717201 a prime number?
True
Is 4447211 composite?
True
Is 8241333 composite?
True
Is 111967937 a prime number?
True
Is 3990143 composite?
True
Is 263198119 a composite number?
False
Is 6584869 composite?
True
Is 14102327 a composite number?
True
Is 14131081 a prime number?
True
Is 1411541 a composite number?
False
Is 9858467 prime?
False
Is 310927 prime?
True
Is 44169157 prime?
False
Is 198599033 a composite number?
False
Is 130545829 a comp